e greatest common divisor of r and v.
28
Suppose -41*b + 9447 = 8299. What is the greatest common factor of 33334 and b?
14
Let x = -44 + 49. Suppose 5*j - 2*s = -s + 170, -s = x. Let q be (-3 + 85)/2 - -3. What is the highest common divisor of q and j?
11
Let p be 5/2 + (-2)/4. Let d be p/(-8) + 18/8. Let a = -30778 + 30786. What is the greatest common divisor of a and d?
2
Suppose 74*w - 70*w - 14202 = -3*h, 0 = 4*w + 2*h - 14208. Calculate the greatest common divisor of w and 105.
15
Suppose 2*b + 5*f = 278, 417 = 266*b - 263*b - 2*f. Calculate the highest common divisor of 26827 and b.
139
Let o = 645 - 609. Let t(n) = 9*n - 155. Let r(f) = 4*f - 78. Let g(v) = -13*r(v) + 6*t(v). Let a be g(0). What is the greatest common divisor of o and a?
12
Suppose 468 = 82*m - 272 - 736. What is the highest common factor of m and 45?
9
Let l = 43 - 40. Let y(z) = -l*z - 5*z - 6 + 3*z - 1. Let m be y(-5). What is the greatest common divisor of m and 144?
18
Let v = 121 - 89. Let i(d) = d**3 + 19*d**2 + 77*d - 9. Let t be i(-13). Calculate the greatest common divisor of t and v.
4
Suppose 2*p - 32 = -k, p - 20*k + 17*k - 9 = 0. What is the greatest common factor of 5955 and p?
15
Let z(l) = -l**3 - 50*l**2 - 139*l + 147. Let n be z(-47). Let b(c) = -c**2 + 11*c + 13. Let m be b(12). Calculate the greatest common factor of n and m.
1
Suppose 4*g + 5*x = 228, -47*x = -4*g - 51*x + 228. What is the highest common factor of g and 543?
3
Suppose 55614 = 88*j + 98*j. Calculate the greatest common factor of 575 and j.
23
Let k = 6846 - 6770. Calculate the highest common factor of 4750 and k.
38
Let s(i) = 4*i**2 - 319*i + 110. Let m be s(82). Calculate the greatest common factor of m and 16.
16
Suppose -s = 2*l - 3405 + 381, -3*l = -2*s - 4536. Suppose 3*w + 47*t = 49*t + 48, -3*w + 24 = -10*t. What is the greatest common factor of l and w?
18
Suppose 537 = 4*o + 3*w + 2*w, 20 = 4*w. Let l be 0 + 7 + (184/(-644) - 3985/(-7)). Calculate the highest common divisor of l and o.
64
Let a = 836 + -841. Let m be a + ((271 - -5)/6 - 2). What is the highest common factor of 819 and m?
39
Let w be (-4)/(-5)*-1*15/(-2). Let j(f) = 2*f - f**3 - 3*f**2 - 4*f**2 + 6*f**2 + 0*f**2 + 2. Let y be j(-4). What is the highest common factor of w and y?
6
Let a be (0 - 2) + 0 + 77. Suppose -419 - 781 = -48*v. What is the greatest common factor of a and v?
25
Let g be 644/(-6)*((-2)/16 + (-1155)/840). Calculate the greatest common divisor of g and 12.
1
Suppose 3600 = -12*z + 4*z. Let m = 514 + z. What is the greatest common factor of 208 and m?
16
Let d = 354 + -135. Suppose 7*o + 5*t = 61, -29*t = -3*o - 24*t - 31. Calculate the greatest common divisor of d and o.
3
Let h(j) = -j**3 + 106*j**2 + 104*j + 557. Let n be h(107). What is the greatest common factor of n and 10207?
59
Let y = -82 - -118. Suppose 2*u + 72 = l + 4*l, -5*l - 3*u = -67. Suppose -134 = -5*i - l. What is the greatest common factor of i and y?
12
Let l be (-12)/(-24)*(4280 - 0). Suppose -d - 3*u = -3*d + 1066, 2*u + l = 4*d. Calculate the greatest common factor of d and 8.
8
Let i = -2365 + 4329. Let l = i - 1089. Suppose -2*u = 5*h - l, -5*u - 254 + 79 = -h. What is the greatest common factor of h and 35?
35
Suppose 0 = 5*g - 5*z - 4140, -10*g = -6*g + z - 3312. Calculate the greatest common factor of g and 48.
12
Let i = -3292 + 4645. Calculate the greatest common factor of i and 2091.
123
Suppose 588*v = 353*v + 48880. What is the highest common divisor of 390 and v?
26
Suppose 117*a - 924 = 75*a. What is the highest common divisor of a and 8?
2
Suppose 3033 = -54*b - 53*b + 9453. Calculate the highest common factor of b and 204.
12
Let d(p) = -91*p - 25. Let b be d(-1). Let l(m) = -m**3 - m**2 + 3. Let n be l(-3). Let f = n + 1. Calculate the highest common divisor of b and f.
22
Suppose -2*g = -i + 12, -1 = -g - 5. Let c be 28/i*12/14. What is the highest common factor of 21 and c?
3
Suppose 18*m - t - 40227 = 14*m, -20091 = -2*m + 5*t. Calculate the greatest common divisor of 94 and m.
94
Let o be -1*24/(2 - -4). Let x be 5/(o - 1)*(-41 + 0). Calculate the greatest common factor of x and 123.
41
Let x(t) = 541*t + 6527. Let r be x(-12). What is the greatest common factor of r and 8344?
7
Let g(h) = h**3 + 12*h**2 - 15*h - 12. Let s be ((-2)/4)/(25/650). Let v be g(s). Calculate the highest common divisor of v and 42.
14
Let t(c) = -15*c**3 - c**2. Let b be t(-1). Let k = -7 + b. Suppose -114 = 4*l - k*l. What is the greatest common divisor of 57 and l?
19
Suppose 75175*x - 2400 = 75145*x. Calculate the greatest common factor of 10128 and x.
16
Let w be 2/(-6)*3 + -1*2. Let d(b) = b**3 - 2*b**2 + b - 9. Let x be d(w). Let r = 67 + x. Calculate the greatest common divisor of r and 25.
5
Let y(t) = -2475*t - 1992. Let i be y(-12). What is the highest common factor of i and 12?
12
Let j = -9042 - -9128. What is the highest common factor of 8600 and j?
86
Let u(v) = 6*v**2 - 28*v. Let l be u(-5). Let w(g) = -9*g**2 + 47*g. Let m be w(5). Calculate the greatest common divisor of m and l.
10
Let c be 994/18 - ((-976)/144 - -7). Suppose -3*k - 212 = k. Let d = k + c. Calculate the highest common factor of 12 and d.
2
Let o be (2051/(-28) + -9)/(1/(-4)). Suppose 12*i - 712 + 148 = 0. What is the highest common divisor of o and i?
47
Let g be (-6)/(192/(-28780)) + 3*(-1)/8. What is the highest common factor of g and 93?
31
Let k = 2193 + -1857. What is the greatest common factor of k and 182?
14
Let u(k) = -k**2 - 65*k + 290. Let y be u(-39). Calculate the highest common factor of 32 and y.
8
Let b = -73 + 73. Suppose 10*k - 6*k - 1101 = z, b = -4*k + 3*z + 1103. What is the highest common factor of k and 110?
55
Suppose -9*l + 2382 = -3*l - 18378. What is the highest common divisor of 16 and l?
4
Let t(v) = -8*v**2 - 218*v - 74. Let c be t(-24). What is the greatest common factor of 2600 and c?
50
Let x(j) = 5*j**2 - 7*j + 1. Let s be (-4 - -7)*5*(2 - 1). Suppose 17*c = s*c + 10. Let o be x(c). What is the greatest common divisor of 13 and o?
13
Suppose s + q - 280 = 192, s + 3*q = 472. Calculate the greatest common factor of s and 12980.
236
Suppose -2*m - 98 + 441 = r, 0 = -4*m - r + 683. What is the highest common divisor of 680 and m?
170
Suppose 7 + 4 = 4*g - 3*x, -5*g + 13 = -3*x. Suppose 4*p + g*i = 38, p - 6*p + 5*i + 85 = 0. Calculate the greatest common divisor of p and 36.
12
Suppose 2*i = -2*c + 848, 3*c + 2*i - 1045 - 232 = 0. What is the greatest common factor of c and 169?
13
Let y(x) = 2*x**3 + 158*x**2 - 6*x + 494. Let z be y(-79). What is the highest common divisor of z and 2299?
121
Suppose 50 = 4*v - 3*b, v = 5*b - 398 + 402. What is the greatest common factor of 483 and v?
7
Let b = 2 - -3. Suppose 5*i = 2*y - 3*y + b, 2*y - 18 = -2*i. Let c be 14 + 23/(276/432). Calculate the greatest common divisor of c and y.
10
Suppose -2*f + 22 = -86. Let g be (-11)/(-88) + 588/(-64)*-90. Let r = g - 809. Calculate the greatest common factor of f and r.
18
Let c be ((-567)/(-36))/((-309)/3024 + 5/45). Calculate the greatest common factor of c and 1568.
196
Let w(q) be the first derivative of q**2 + 39*q + 11. Let t be w(-8). What is the greatest common divisor of t and 184?
23
Let h(l) = -872*l - 2845. Let d be h(-10). What is the greatest common divisor of 705 and d?
235
Suppose 122*h = -101*h + 178*h + 90. What is the greatest common divisor of h and 6518?
2
Suppose 0*o = 4*o + 2*v - 34, 0 = -3*o + 2*v + 22. Suppose 4*z = -4*a + 2284, 75*a - 2*z = 76*a - 574. Calculate the greatest common divisor of o and a.
8
Let a = -40 + 47. Let m = a - -3. Suppose 3*t - m = t. What is the greatest common factor of t and 55?
5
Let j be ((-1904)/(-42))/(2/48). What is the highest common divisor of j and 1224?
136
Let d be (-90)/(-4)*18*(1064/(-285))/(-28). Calculate the highest common factor of d and 3753.
27
Let t = 38 + 32. Let o = -45 + t. Suppose 5*c - f - 80 = 0, -3*c + 0*c = 4*f - o. Calculate the greatest common factor of 165 and c.
15
Let u(l) = 6*l + 4. Let p be u(12). Let f be 0 + 5/((-10)/(-4)). Suppose -3*b = f*b - 950. Calculate the highest common factor of p and b.
38
Let y be 494/(-3)*(-12)/8. Let l be -2 + 63/(-9) + y. What is the highest common divisor of l and 14?
14
Let f(s) = 3*s**3 - s**2 - 8